 -5*v = -3*h - 85. Let o be (24/h)/((-4)/10). Suppose 0*q = -o*q + 633. Is q composite?
False
Let k(m) = -8*m + 4 + m**3 + 2*m**2 + 5 - 2*m. Let y be 8/12 - (-26)/6 - -1. Is k(y) a composite number?
True
Let w = 347 - 96. Suppose -2*l + w = -173. Suppose a + 3*a - l = 0. Is a a composite number?
False
Let d(x) = 47*x + 44. Let z be d(14). Let t = z - 115. Is t prime?
True
Let j = 13 - 9. Suppose -q - s - 502 = -2934, -j*s + 12165 = 5*q. Is q prime?
True
Suppose -284 = 3*o + 286. Let r = o + 309. Is r prime?
False
Let f = 3782 - -3657. Is f composite?
True
Suppose 2*c + 10 = 0, 0*o - 51 = -4*o - 5*c. Suppose -o*y - 87 = -20*y. Is y a prime number?
False
Suppose 6*d = 31*d - 467525. Is d a composite number?
False
Let u(b) = -4*b**2 - 11*b + 7. Let v be u(-10). Let r = 572 + v. Let i = -128 + r. Is i a prime number?
False
Let l(r) = r**3 + 20*r**2 + 29*r - 9. Is l(-13) composite?
False
Let f = 2 + -20. Let r = 20 + f. Suppose -r*q = 4*s - 574, 0 = -s - 0*s + 2*q + 156. Is s prime?
False
Let d be (10/(-3))/((-1)/(-3)). Let h = -12 - d. Is h/9 + (-9981)/(-81) a prime number?
False
Suppose -3*l + 6 = -3. Suppose -3*z - 2*y + 6 = -z, l*z - 3 = -5*y. Suppose z*b - 76 = 2*b. Is b a prime number?
True
Suppose -28 = -4*c - 5*l + 33, l + 13 = 2*c. Suppose 267 = -c*x + 1464. Is x prime?
False
Suppose -5*a + 115470 = 5*y, 5*y + 3*a = 3*y + 46185. Is y a composite number?
True
Let y = 1917 + -1109. Suppose -i + 603 = -y. Is i prime?
False
Suppose -2*q = -5*o - 42, 0*q + 2*q + 4*o - 6 = 0. Suppose 483 = q*j - 122. Is j a composite number?
True
Suppose 2*l - 10 = 0, 2*a - 5 = -5*l + 16. Let f(i) = 54*i - 3. Let o(n) = -81*n + 5. Let c(y) = -8*f(y) - 5*o(y). Is c(a) prime?
True
Let z(v) = 223*v**2 - v + 5. Let y be z(5). Let c = y + -2870. Is c prime?
False
Suppose -2*n - 5*l - 754 = 0, -2*n + 3*l - 331 = 407. Let a = 739 + n. Is a a prime number?
True
Let c(z) = -248*z**3 + z**2 - 42*z - 143. Is c(-4) a prime number?
True
Let x(b) = -70*b - 2 + 0 + 3. Let g be (-6)/(-4) + ((-459)/6)/17. Is x(g) prime?
True
Let d be 8/3*(-60)/8. Let v = -19 + 42. Let f = d + v. Is f composite?
False
Let n(f) = f**3 + 12*f**2 + 15*f - 28. Let s be n(-12). Let l = s + 1077. Is l prime?
False
Suppose 0 = 10*k - 15*k + 38035. Is k composite?
False
Let h(y) = 2606*y + 1. Let f be h(-6). Suppose -2*c + 3*s + 12 = 0, 5*s + 25 = -c + 6*c. Is 2/c - f/15 composite?
True
Suppose 2*f + 2*p = -2*f + 33856, 0 = 5*f + 5*p - 42315. Is f a prime number?
False
Let l(c) = 260*c**2 + 50*c + 31. Is l(-19) composite?
False
Suppose 2*z = 0, -z = 3*d - 0*d + 6. Let h = d + 6. Is 348/h + (-2 - -4) composite?
False
Suppose 28*k - 2*k - 142818 = 0. Is k composite?
True
Let p = 5331 - 2936. Let z = 3680 - p. Is z prime?
False
Let h = 25 - 17. Let r(a) = 6*a + h*a - a**3 + 1 - 6*a**2 - 4*a. Is r(-8) a prime number?
False
Let l be 40/12 + 4/(-12). Let s = 0 - -4. Suppose 3*x = s*u - l*u + 180, u = -3. Is x prime?
True
Let n(p) = p**3 - 20*p**2 + 22*p + 2. Let v be n(18). Let o = 1 - v. Is o prime?
True
Let y(x) = -19*x**3 + 6*x**2 - 3*x + 11. Is y(-5) prime?
True
Let v(y) = -96*y + 1. Let g(w) = -w. Let k(s) = 3*g(s) + v(s). Let i be k(-5). Suppose 4*r - 268 = i. Is r a prime number?
True
Suppose 0 = 4*m + 3*x - 28244, 6*x - 7*x = 0. Is m a prime number?
False
Let a(b) = -10*b**2 + 3*b**3 - 13 - 17*b + 13 - 10 - 4*b**3. Let m(v) = v**3 + 2*v + 1. Let j be m(-2). Is a(j) a prime number?
False
Suppose -4*q + 4 = 4*o, -2*q + 0*q = 3*o - 6. Is (q - (-2)/((-2)/179))/(-2) a composite number?
True
Let w be (1157 + -1 - 3) + 0. Let s = w + -186. Is s prime?
True
Suppose 24206 = -7*w - 0*w. Let l = w - -4993. Is l composite?
True
Suppose s + 106 = 5*m - s, 4*s = 2*m - 36. Suppose -18*o = -m*o + 488. Is o prime?
False
Suppose -620*n + 40520 = -612*n. Is n a prime number?
False
Let o(d) = 5*d - 6. Let f be o(4). Suppose -k - 4*k + 4*h = -18, 5*k - 2*h = f. Suppose g - 2*n - 87 = 100, -334 = -k*g - 4*n. Is g composite?
True
Let w be 2/(-6) - (-1)/3. Suppose -6*t + 67 + 623 = w. Is t a prime number?
False
Let k = -7 - -21. Let n be 72/k - 6/42. Suppose 5*y + 5 = 0, -n*y + 440 = s - 178. Is s composite?
True
Is (-7)/5 + 480/250*1070 prime?
True
Let w be (0 - -1044)/3 - -2. Suppose -w + 46 = -c. Suppose -2*d = 3*j + 3*d - c, 0 = -3*j - 2*d + 307. Is j a composite number?
False
Suppose 15 = o + 10. Suppose -2*s + 9873 = o*j, -2*j + 0*s = 2*s - 3954. Is j a prime number?
True
Suppose -h + 5*r + 35 + 82 = 0, 0 = -4*r - 4. Is h + (0 + -4)/4 prime?
False
Let u(q) = 109*q + 28. Is u(7) a composite number?
True
Let a(n) = 2002*n + 13. Let i(t) = 1002*t + 6. Let w(r) = -3*a(r) + 7*i(r). Is w(1) composite?
True
Let h = -1 + 49. Suppose -z = w - 54, 5*w + 0*w = z - h. Is z composite?
False
Suppose -4*v = -1214 - 2270. Is v prime?
False
Let g = 12192 + -21690. Is ((-3)/9)/(2/g) a prime number?
True
Suppose 2*d + 0*p = -4*p + 8, 0 = d + 5*p + 8. Let f(b) = 57*b - 65. Is f(d) a prime number?
True
Let m(w) = -w - 1. Let t(f) = -53*f - 4. Let n(o) = 15*m(o) - 3*t(o). Is n(9) composite?
True
Let t(l) = -l**3 - 8*l**2 - 9*l - 7. Let k be t(-7). Suppose -9 = -q - k. Suppose -78 = -q*m + 70. Is m prime?
False
Let c(r) = 41*r**3 - 2*r - 3. Let v(m) = 82*m**3 - 4*m - 6. Let z(u) = -13*c(u) + 6*v(u). Let w be z(-3). Suppose -w = -4*b + 388. Is b composite?
False
Let j(u) = -17*u + 6. Let z be j(-19). Let b = -223 + z. Is b composite?
True
Let f = 36 - 38. Is (1 + f)/((24/(-6))/1324) a composite number?
False
Suppose -39 = 15*s - 1104. Is s prime?
True
Let a = 2595 - 532. Is a composite?
False
Let b be 14016/40 - (-2)/(-5). Suppose 0 = -4*u + 4*p + 1376, -b = -u + 3*p - 0*p. Is u a composite number?
True
Suppose -2*v = 2*v + 3*a - 200, 3*v - 3*a = 150. Suppose -3*y - 162 = -h + v, 2*h - y - 439 = 0. Is h composite?
True
Suppose -15*l = -16*l + 2. Suppose -l*v = -4*q - v + 2561, q = -3*v + 650. Is q a prime number?
True
Suppose -2*t - 3*t = 7710. Is ((-3)/2)/(3/t) a prime number?
False
Is (1 - (-333)/(-6))*-38 prime?
False
Let n(f) be the third derivative of f**5/15 + f**4/2 - 5*f**3/6 + 12*f**2. Suppose -3*i - 2*m - 27 = 0, 5*i + 0*m + 45 = -m. Is n(i) a composite number?
False
Let b = -1555 + 2753. Suppose 4*h - 3*w = -0*w + b, -h + 306 = -4*w. Is h composite?
True
Suppose 0 = j + 4*j - 5*o - 24165, 2*o + 24159 = 5*j. Is j a prime number?
True
Let q(j) = -8*j - 2. Let a be q(-1). Is 586/2*(a + -5) prime?
True
Suppose -4*l + 4 = -8. Suppose w - 35 - 25 = -2*y, 0 = y - l*w - 16. Suppose -t = t - y. Is t composite?
True
Let h = 1835 + 4296. Is h prime?
True
Let k(x) = 14*x**2 + 3. Let v be k(3). Let g = v - -298. Is g a prime number?
False
Let l(c) be the first derivative of c + 1/2*c**2 + 25/3*c**3 - 8. Is l(-3) a composite number?
False
Let x = 2725 + -303. Let h = -1653 + x. Is h composite?
False
Let t(f) = 86*f + 47. Is t(11) composite?
True
Let p(b) = 43*b**2 - 5*b - 3. Is p(-26) prime?
False
Let c(q) = 345*q**3 - 4*q**2 - 8*q + 22. Is c(3) prime?
True
Let y(o) = 89*o + 4. Let q be y(-10). Let f(v) = -v + 11. Let b be f(7). Is (-2)/b - q/4 a prime number?
False
Suppose -23*u + 11*u = -107964. Is u prime?
False
Suppose -8*k + 57055 = -197713. Is k prime?
False
Let c be (-2 + 3)*(6 + 240). Let l = -103 + c. Is l a prime number?
False
Suppose 60718 = a + 4*a - b, 3*a - b - 36432 = 0. Is a a composite number?
False
Let m = -107 + 110. Suppose t + 3147 = 3*k - 2*t, m*t = 0. Is k a prime number?
True
Let n(f) = -2*f - 17. Let c be n(-10). Suppose 2*t = -c*t + 705. Is t composite?
True
Is 2/(-1) + -60 + 551 a prime number?
False
Let u(n) = 2*n + 6 + 2*n - 8*n**2 + 1 + 2*n + n**3. Let c be u(7). Suppose 237 = 3*z - c*z. Is z prime?
True
Is 1/((16 - 7)/37593) a composite number?
False
Let k(a) be the third derivative of 157*a**4/4 + 17*a**3/6 - 14*a**2. Is k(3) a composite number?
False
Let f(q) = 2 + 6 + 6*q - 33*q - 2. Is f(-5) prime?
False
Let k(x) = x**3 - 4*x**2 + 5*x - 13. Suppose -11 = -2*a + 1. Is k(a) a prime number?
True
Suppose -2*r + r = -9. Let f be (-6)/9 + 24/r. Suppose -5*p + 678 = 4*y, -3*p = f*p - 10. Is y prime?
True
Let d(b) = -12 + 3 - 268*b - 1 + 3. Let a be d(-8). Suppose -3*s + a = -4*r, 5*s - 1161 = r + 2378. Is s a prime number?
False
Let i = -19 + 42. Suppose 0 = 5*h + 202 + i. Is 1030/18 + 10/h prime?
False
Let p(k) =